te number?
False
Is 68007140381 a composite number?
True
Is 7415171497 a prime number?
False
Is 36319756201 composite?
False
Is 1339906241 prime?
False
Is 234438747439 a prime number?
False
Is 1182040759 composite?
False
Is 18869914729 composite?
False
Is 33793657237 prime?
True
Is 21123196387 composite?
True
Is 208490921 prime?
True
Is 1691271137 a prime number?
False
Is 47039921 composite?
False
Is 484360819 a composite number?
False
Is 290822397 composite?
True
Is 81383141941 composite?
False
Is 13331944489 a prime number?
False
Is 1156533229 a prime number?
True
Is 499630613 a prime number?
True
Is 12636210233 a composite number?
True
Is 82982627083 a composite number?
False
Is 765957931 a prime number?
False
Is 206500703507 a prime number?
False
Is 805095937 a composite number?
False
Is 3499112987 a composite number?
False
Is 7047387019 a prime number?
True
Is 2254630517 prime?
False
Is 3282265381 composite?
False
Is 860856307 a composite number?
False
Is 16342357505 composite?
True
Is 537242426749 a prime number?
False
Is 954236293 a composite number?
False
Is 21005237987 prime?
False
Is 502277357 a prime number?
False
Is 13746074801 a composite number?
False
Is 42513643583 a composite number?
True
Is 36854722327 composite?
True
Is 15806976293 composite?
True
Is 12419988829 a composite number?
True
Is 9973587823 prime?
True
Is 26899402913 composite?
True
Is 7642434649 a prime number?
True
Is 71081806 prime?
False
Is 2482341571 a composite number?
False
Is 26407958891 a prime number?
False
Is 459386089 a composite number?
False
Is 6895880491 prime?
True
Is 17402552969 a prime number?
True
Is 58548956195 composite?
True
Is 14045378353 prime?
True
Is 10272957469 composite?
False
Is 2022300817 a prime number?
True
Is 2988985801 prime?
True
Is 913510477 a composite number?
True
Is 4368141749 a prime number?
False
Is 7209482551 prime?
True
Is 8113098863 prime?
True
Is 204850573 prime?
False
Is 8076619049 prime?
False
Is 11802577921 a composite number?
True
Is 78414123761 a composite number?
False
Is 19563308459 composite?
True
Is 3552533893 prime?
True
Is 60989869217 a composite number?
True
Is 1057426179 prime?
False
Is 56964683 prime?
True
Is 38600057 a prime number?
True
Is 781487495 a composite number?
True
Is 134310262903 prime?
True
Is 2603133389 prime?
True
Is 2120602093 composite?
True
Is 535064657 a composite number?
False
Is 617067593 prime?
False
Is 4710307093 a composite number?
True
Is 14232757661 composite?
False
Is 2274389011 prime?
True
Is 22593174419 a composite number?
False
Is 1228607171 a prime number?
False
Is 27298510033 composite?
False
Is 21048944987 prime?
False
Is 121035106 a prime number?
False
Is 1532249837 a prime number?
False
Is 7823296883 composite?
False
Is 1912194773 composite?
False
Is 11372324627 prime?
True
Is 43199426363 a prime number?
True
Is 90564104857 prime?
False
Is 16949707 prime?
True
Is 2178869419 a composite number?
True
Is 10654620701 a prime number?
True
Is 3296551757 a prime number?
True
Is 69055880977 prime?
True
Is 17387474033 a prime number?
True
Is 13299504451 prime?
True
Is 91625992169 a prime number?
True
Is 1114273169 composite?
False
Is 39446015831 prime?
True
Is 9439745971 a composite number?
False
Is 33360703309 a composite number?
False
Is 361132091 a prime number?
False
Is 1221335567 composite?
True
Is 5748172819 a composite number?
False
Is 5499873397 prime?
True
Is 33317146483 a prime number?
True
Is 228398503 a prime number?
True
Is 407399999 a prime number?
False
Is 9335125649 a prime number?
True
Is 570761978405 prime?
False
Is 2721725327 prime?
True
Is 87339049489 prime?
True
Is 168770851 a composite number?
True
Is 6383966203 composite?
True
Is 8058040855 prime?
False
Is 105714748193 prime?
True
Is 13662671 prime?
False
Is 109943917159 a composite number?
False
Is 303083873 prime?
False
Is 19048265602 a prime number?
False
Is 77214379309 composite?
True
Is 541094657 composite?
False
Is 139423021 a prime number?
True
Is 35683418671 a composite number?
False
Is 124041153 a composite number?
True
Is 558349349 a prime number?
True
Is 37097611 a composite number?
True
Is 550234523 a prime number?
True
Is 1888140389 a prime number?
True
Is 781703083 prime?
False
Is 362219909 a composite number?
False
Is 20539919 a prime number?
True
Is 15695856703 a composite number?
False
Is 13115891483 a composite number?
False
Is 219909898543 prime?
True
Is 3212289658 prime?
False
Is 117272227 a composite number?
False
Is 555669239 prime?
True
Is 414564473 prime?
True
Is 1381855547 a prime number?
True
Is 1959125323 a composite number?
False
Is 583288793 a prime number?
True
Is 439857487 a prime number?
True
Is 15804419237 composite?
False
Is 99976182379 prime?
False
Is 2129623183 a prime number?
False
Is 24961887959 prime?
True
Is 6742115647 a composite number?
True
Is 42963779 a prime number?
True
Is 130835011 composite?
False
Is 12811609 prime?
False
Is 3887440379 composite?
True
Is 476335891 composite?
True
Is 5553089761 a prime number?
False
Is 1430448169 a composite number?
False
Is 5716404851 prime?
False
Is 181094071 a composite number?
False
Is 60468993491 a prime number?
True
Is 8613645203 composite?
True
Is 3501768551 prime?
True
Is 14004296135 a prime number?
False
Is 118485802573 a composite number?
False
Is 78806917019 a prime number?
True
Is 79200032587 prime?
False
Is 9869238655 a composite number?
True
Is 35529605561 composite?
False
Is 377660246 a composite number?
True
Is 5421317569 a composite number?
True
Is 312636069059 prime?
True
Is 14567152189 a composite number?
True
Is 645166759 composite?
True
Is 8125581593 a composite number?
True
Is 1292169155 prime?
False
Is 111683153 a prime number?
False
Is 6709610227 a prime number?
True
Is 1382423989 a composite number?
False
Is 19340135547 a prime number?
False
Is 599304739 prime?
False
Is 58113328571 a prime number?
False
Is 1131329999 a prime number?
False
Is 6859004407 a composite number?
False
Is 72902107319 prime?
True
Is 12416382211 a composite number?
True
Is 8831213387 prime?
True
Is 467879449 prime?
False
Is 6300783193 a prime number?
False
Is 22720805143 a prime number?
False
Is 367361441 composite?
True
Is 795428243 a prime number?
False
Is 10559740673 prime?
True
Is 515673901 prime?
False
Is 3925514939 a prime number?
True
Is 1011232501 a prime number?
False
Is 178816170371 composite?
True
Is 34345914059 a composite number?
True
Is 293786447 a composite number?
False
Is 226703557 composite?
True
Is 10171708835 a prime number?
False
Is 2450567167 composite?
False
Is 839116609 a composite number?
True
Is 3541293433 a composite number?
False
Is 3455696051 composite?
True
Is 1531412281 composite?
True
Is 13927762067 a composite number?
True
Is 36067921 composite?
False
Is 30520008569 a prime number?
True
Is 104033874887 prime?
True
Is 29458588561 prime?
True
Is 2621508161 composite?
False
Is 313203754 prime?
False
Is 13679627119 prime?
True
Is 7112129 a composite number?
True
Is 6369792277 a composite number?
False
Is 3948935621 a composite number?
True
Is 1920813641 a composite number?
False
Is 146943270949 prime?
True
Is 1131824713 prime?
True
Is 3318884399 a prime number?
True
Is 12295584659 prime?
True
Is 1277083987 prime?
True
Is 3855765559 a prime number?
False
Is 559466449 a composite number?
True
Is 40728376487 prime?
True
Is 2082146309 composite?
False
Is 6376940971 composite?
False
Is 819723169 composite?
False
Is 1833512105 a composite number?
True
Is 10867863443 prime?
False
Is 7914970559 prime?
True
Is 349213487 a composite number?
True
Is 907919203 a composite number?
True
Is 5763168773 prime?
False
Is 2427522607 a prime number?
True
Is 969174431 a prime number?
True
Is 7636372603 a composite number?
True
Is 474994979 composite?
True
Is 30335909 a composite number?
False
Is 41412390141 composite?
True
Is 1044951599 composite?
False
Is 3931548463 a prime number?
False
Is 1284596429 a composite number?
True
Is 7057643 composite?
True
Is 103992881563 composite?
True
Is 2296529527 a composite number?
False
Is 29843046271 prime?
True
Is 12185956291 a composite number?
False
Is 20213569063 a prime number?
True
Is 799980433 prime?
False
Is 319208809 a composite number?
True
Is 4779587069 a composite number